1*((-3072)/(-432))/((-2)/3)?
2, 37
Let b = -8392 - -14562. List the prime factors of b.
2, 5, 617
Let t = 6516 + -2956. List the prime factors of t.
2, 5, 89
Let z = 22210 + 12208. List the prime factors of z.
2, 17209
Suppose -3*i + 8*x - 3*x = -35, 3*i = 3*x + 39. What are the prime factors of i?
3, 5
Suppose 558918 = 26*y + 41908. What are the prime factors of y?
5, 41, 97
Let b = 86 - 61. Let k be b/(-10) - (-3)/2 - -6. Suppose -268 = -3*g - z, -5*g + 160 + 300 = -k*z. What are the prime factors of g?
2, 3, 5
Let r = -23483 + 34397. List the prime factors of r.
2, 3, 17, 107
Let k = -4 - -150. Suppose 4*q + k = 2*q + d, -4*d + 300 = -4*q. Let s = 4 - q. What are the prime factors of s?
3, 5
Suppose 27*d - 23*d - 72 = 0. What are the prime factors of (d/(-72) + 2978/8)*1?
2, 3, 31
Let k(v) = v**3 + 27*v**2 + 7*v + 7. Let p be k(-17). Suppose -53*m + 47*m + p = 0. List the prime factors of m.
463
Let r be 1/3 - (15440/24 - 12). Let v = r - -1109. List the prime factors of v.
2, 239
Suppose j - 7*z = -8*z + 1159, -9*z = 4*j - 4651. What are the prime factors of j?
2, 17
Let h(q) = 7*q**2 - q - 105. Let x be h(-12). What are the prime factors of 9/12*(-11 + x)?
2, 3, 113
List the prime factors of ((-289)/51)/(-17) - (120777/9)/(-1).
2, 5, 11, 61
Let q(u) = -835*u - 5286. List the prime factors of q(-26).
2, 2053
Suppose 23*h + 443 - 1156 = 0. Suppose 0 = h*d + 1614 - 21640. List the prime factors of d.
2, 17, 19
Let s(j) = 27*j**2 - 4*j - 181. What are the prime factors of s(17)?
2, 3, 1259
Let h = -427 + 434. List the prime factors of h/(28/16) + (-2766)/(-3).
2, 463
Suppose 5*z + 3*o + 96 = 0, 5*z + 52 = 4*o - 30. List the prime factors of 0 + (-3)/z - 1301/(-6).
7, 31
Let y = 12191 + -6881. What are the prime factors of y?
2, 3, 5, 59
Suppose -91*g + 92*g + 4*s = 5833, s - 17510 = -3*g. List the prime factors of g.
13, 449
Let a be ((16/(-14))/(-2))/((-12)/(-42)). Suppose a*o + 1 = 7. What are the prime factors of -62*(-6)/(-48)*-4*o?
3, 31
Suppose 2*h - 17 = z, h - 6 = -21*z + 22*z. Let i = 14 - 2. Suppose i*l = h*l + 71. List the prime factors of l.
71
Let x(j) = -709*j - 3. Let i be x(-2). Suppose 9*h - 1762 = i. What are the prime factors of h?
353
What are the prime factors of (20/(-7))/5 - 5910780/(-210)?
2, 3, 4691
Suppose -7*i = 11*i - 3186. Suppose -l + 216 = 5*u, 3*u - 507 - i = -3*l. List the prime factors of l.
3, 7, 11
Let p = 33405 - 7034. List the prime factors of p.
26371
Suppose -195*l = -191*l - 28. Suppose -i + 247 - l = 0. What are the prime factors of i?
2, 3, 5
Let z = 8318 + -142. What are the prime factors of z?
2, 7, 73
Let z = -42 + 44. Suppose -z*l + 4 + 6 = 0. Suppose -l*d - p = -0*d - 25, -4*p + 4 = 4*d. What are the prime factors of d?
2, 3
Let k(j) = -20*j + 139. Let h = -383 + 377. What are the prime factors of k(h)?
7, 37
Let k(i) = 13*i**2 - 33*i - 101. List the prime factors of k(-8).
5, 199
Suppose 89*x = 95*x - 48048. What are the prime factors of x?
2, 7, 11, 13
Let n(p) = -2*p**3 - 29*p**2 - 39*p. Let h be n(-13). Let r(t) = 2 + 6 - 2*t - 2*t. What are the prime factors of r(h)?
2
List the prime factors of -3 + -2 - 1355*(-17 + 10).
2, 3, 5, 79
Let p(m) = 140*m - 4. Let w(l) = -147*l + 3. Let t(i) = 146*i - 3. Let h(n) = 7*t(n) + 6*w(n). Let f(x) = -3*h(x) + 2*p(x). What are the prime factors of f(-1)?
3, 47
Let i(z) be the third derivative of z**5/60 - 5*z**4/24 + 10*z**3/3 + 31*z**2. Let o(s) = 5*s**2 + 2*s - 1. Let k be o(1). What are the prime factors of i(k)?
2, 13
Let u be 3545 + -2 - 0 - 0/(-15). Suppose -9*q = -4494 - u. What are the prime factors of q?
19, 47
Let z be 23/6 + 1 + 30/(-36). Suppose -z*m + 435 = -5*v, -11*v + 12*v + 318 = 3*m. List the prime factors of m.
3, 5, 7
Let n(m) = m**3 - 3*m**2 + 2. Let v be n(1). Suppose 6*t - 12*t + 1668 = v. List the prime factors of t.
2, 139
Suppose -84*y + 79*y + 179900 = 3*g, -4*y - 59961 = -g. List the prime factors of g.
5, 67, 179
What are the prime factors of 194*13*(1260/(-56) + 24)?
3, 13, 97
Suppose -67*m = -68*m - 2*u + 16351, 10 = -5*u. List the prime factors of m.
5, 3271
Let i(p) = 26*p + 46. Let x be i(19). Suppose -v + x = -0*v. Suppose 204 + v = 6*g. List the prime factors of g.
2, 31
Let b(y) = -2*y + 15. Let a be b(6). Suppose -5*r - 1 = 2*k, -3*r = -2*k - 4*r + a. What are the prime factors of ((-1)/(2/k))/((-11)/187)?
17
Suppose 5*j - 1745 = -3*c - 0*j, 0 = -5*c - 4*j + 2904. Suppose -r + 7*l = 2*l - c, -4598 = -8*r - 2*l. What are the prime factors of r?
5, 23
Let a(k) = -3409*k - 621. What are the prime factors of a(-8)?
29, 919
Let r be ((-31)/2)/((-1)/(-140)*-2). Suppose -4*b - m - 88 = -2253, -2*b - 3*m + r = 0. What are the prime factors of b?
541
Let c(p) = -p**3 - 59*p + 23*p + 29*p - 4 - 2*p**2. Suppose w - 12 = 5*w. List the prime factors of c(w).
2, 13
Suppose -20113 = -19*u - 5730. Let y = 1075 - u. List the prime factors of y.
2, 3, 53
Let g = -1214 + 15936. List the prime factors of g.
2, 17, 433
Let w(a) = -a**2 + 6*a - 1. Let u be w(5). Let s = u + 6. Suppose 0 = -s*y - y + 561. List the prime factors of y.
3, 17
Suppose 2*i + 9082 = 4*n, -4*n + 2*i + 9091 = -3*i. Suppose -m - 2005 = -n. List the prime factors of m.
2, 3, 11
Suppose 23*u + 42154 = 246443 + 61614. What are the prime factors of u?
11, 1051
Let g(z) = -z**3 - 39*z**2 - 69*z + 70. Let s be g(-38). What are the prime factors of ((-98)/4)/((-39)/s)?
2, 7
Suppose -45*r + 50*r = 28125. List the prime factors of r.
3, 5
List the prime factors of 6171 + (-11 - (6 + -31)).
5, 1237
Let w = 41415 + -23832. List the prime factors of w.
3, 5861
Let i be 160/4*(-6)/45*3. Let p(m) = 4*m**2 + 39*m + 1. What are the prime factors of p(i)?
401
Let n = -28 - -47. Suppose n*p = 17*p + 152. Let c = p - 40. What are the prime factors of c?
2, 3
Let b(p) be the second derivative of p**6/10 - p**5/60 - p**4/4 + 5*p**3/2 - 25*p. Let m(n) be the second derivative of b(n). List the prime factors of m(-2).
2, 71
Let t be (-17)/(-85) - (1 + (-459)/5). Let f be 1*((-2)/(-13) + 9723/t). Let g = f - 53. What are the prime factors of g?
2, 3
Let f be 13*38/(((-72)/30)/(-6)). Suppose 3*u - f = 991. What are the prime factors of u?
2, 7, 53
Let t = -471 + 485. Suppose -3*l = -t - 328. List the prime factors of l.
2, 3, 19
Let y(l) = -l**2 + 7*l + 1. Suppose -4*f + 24 = -4*j, 2*f + 0*j + 5*j + 16 = 0. Suppose 2*o = 10 + f. List the prime factors of y(o).
7
Let v(a) be the first derivative of 4*a**3/3 - 29*a**2/2 - 14*a + 10. What are the prime factors of v(-18)?
2, 11, 41
What are the prime factors of (-27508)/(-468) - (4/(-10))/(36/20)?
59
Let p(x) = 12*x**2 - 252*x - 18. What are the prime factors of p(-14)?
2, 3, 977
Let w be (433/3*-1)/(1/3). Let m = w + 927. List the prime factors of m.
2, 13, 19
Suppose 3*o - 289 = 5*b + 2*o, b = o - 61. Let v be 24/10*(-7375)/(-118). Let m = v + b. What are the prime factors of m?
3, 31
Suppose 4*z - 18 = -0*p + 3*p, p - 10 = -4*z. Let g be (-81)/(-1 - 2)*(-94)/(-141). What are the prime factors of (-2)/3 + (1686/g - p)?
5, 19
Suppose l - 8 = 5*l, -41 = -3*k - 5*l. Let f(a) = a**3 - 15*a**2 - 31*a + 39. What are the prime factors of f(k)?
2, 3, 5
Suppose 2*p + 66 = -2*w, 5*p - 2*p + 2*w + 94 = 0. List the prime factors of 7 - (4 + 16)*p.
3, 7
Let y(u) = 437*u**2 + 255*u - 1011. What are the prime factors of y(4)?
7001
Suppose 2*y - 3*a - 11 = 0, -7*y + 3*a = -4*y - 12. Let f be (0/(-5) - 1)/y. Let z(n) = -238*n**3 + n. List the prime factors of z(f).
3, 79
Suppose 50244 = 2*n + 5*c, 46*c = -4*n + 45*c + 100506. List the prime factors of n.
25127
Let z be ((-147)/9)/(1/(-6)). Let s(j) = -30*j - 1208. Let d be s(-41). Suppose -d = -3*r - u + z, -2*r = -5*u - 97. List the prime factors of r.
41
Let n = 29 + -24. Suppose 11 = -x - n. What are the prime factors of 1176/x*4/(-6)?
7
Let z = -81 + 86. Let d be z*(2/(-3) - 304/(-6)). Suppose 2*w - 6*h + 2*h - 166 = 0, 3*w = 5*h + d. What are the prime factors of w?
5, 17
Let x(o) = o**2 - 47*o - 11. Let j be x(14). Let h = -235 - j. List the prime factors of h.
2, 7, 17
Let o = 1861 + 18889. What are the prime factors of o?
2, 5, 83
Let s = -3452 - -6728. List the prime factors of s.
2, 3, 7, 13
Let c(k) = -61*k - 3. Let s be c(-1). Suppose 3*p - s = 2*l - 166, -l + 54 = 3*p. Suppose l = q - 17. W